{"id":310,"date":"2018-05-23T17:03:30","date_gmt":"2018-05-23T16:03:30","guid":{"rendered":"https:\/\/pedrarolada.com\/?page_id=310"},"modified":"2018-05-23T17:50:28","modified_gmt":"2018-05-23T16:50:28","slug":"conceito","status":"publish","type":"page","link":"https:\/\/pedrarolada.com\/index.php\/conceito\/","title":{"rendered":"Conceito"},"content":{"rendered":"<h3><b><a href=\"https:\/\/pedrarolada.com\/wp-content\/uploads\/2018\/05\/apartamentos.jpg\" data-rel=\"lightbox-image-0\" data-rl_title=\"\" data-rl_caption=\"\" title=\"\"><img loading=\"lazy\" decoding=\"async\" class=\"alignnone size-full wp-image-122\" src=\"https:\/\/pedrarolada.com\/wp-content\/uploads\/2018\/05\/apartamentos.jpg\" alt=\"\" width=\"800\" height=\"687\" srcset=\"https:\/\/pedrarolada.com\/wp-content\/uploads\/2018\/05\/apartamentos.jpg 800w, https:\/\/pedrarolada.com\/wp-content\/uploads\/2018\/05\/apartamentos-300x258.jpg 300w, https:\/\/pedrarolada.com\/wp-content\/uploads\/2018\/05\/apartamentos-768x660.jpg 768w\" sizes=\"(max-width: 706px) 89vw, (max-width: 767px) 82vw, 740px\" \/><\/a>BEM-VINDO AO PEDRA ROLADA<\/b><\/h3>\n<p><b>Pedra Rolada<\/b><span style=\"font-weight: 400;\">\u00a0consiste num complexo imobili\u00e1rio inovador e cosmopolita destinado \u00e0s novas exig\u00eancias da Ilha de S. Vicente. Composto por\u00a0<\/span><b>4 torres residenciais<\/b><span style=\"font-weight: 400;\">,\u00a0<\/span><b>\u00e1rea comercial e servi\u00e7os<\/b><span style=\"font-weight: 400;\">,\u00a0<\/span><b>zonas de lazer e cultura<\/b><span style=\"font-weight: 400;\">, este empreendimento engloba as v\u00e1rias vertentes dos consumidores nacionais e estrangeiros.<\/span><\/p>\n<p><span style=\"font-weight: 400;\">Integrado no Plano Urban\u00edstico Detalhado Pedra Rolada \u2013 PUDPR, aprovado pela C\u00e2mara Municipal de S\u00e3o Vicente,<\/span><b> Pedra Rolada<\/b><span style=\"font-weight: 400;\">\u00a0situa-se numa zona privilegiada da cidade, com uma vista soberba sobre a ba\u00eda do Mindelo, localizado no inicio do Vale Pedra Rolada, junto \u00e0 via principal Lameir\u00e3o\/Baia das Gatas.<\/span><\/p>\n","protected":false},"excerpt":{"rendered":"<p>BEM-VINDO AO PEDRA ROLADA Pedra Rolada\u00a0consiste num complexo imobili\u00e1rio inovador e cosmopolita destinado \u00e0s novas exig\u00eancias da Ilha de S. Vicente. Composto por\u00a04 torres residenciais,\u00a0\u00e1rea comercial e servi\u00e7os,\u00a0zonas de lazer e cultura, este empreendimento engloba as v\u00e1rias vertentes dos consumidores nacionais e estrangeiros. Integrado no Plano Urban\u00edstico Detalhado Pedra Rolada \u2013 PUDPR, aprovado pela C\u00e2mara &hellip; <\/p>\n<p class=\"link-more\"><a href=\"https:\/\/pedrarolada.com\/index.php\/conceito\/\" class=\"more-link\">Continuar a ler <span class=\"screen-reader-text\">&#8220;Conceito&#8221;<\/span><\/a><\/p>\n","protected":false},"author":1,"featured_media":0,"parent":0,"menu_order":0,"comment_status":"closed","ping_status":"closed","template":"","meta":{"footnotes":""},"class_list":["post-310","page","type-page","status-publish","hentry"],"_links":{"self":[{"href":"https:\/\/pedrarolada.com\/index.php\/wp-json\/wp\/v2\/pages\/310"}],"collection":[{"href":"https:\/\/pedrarolada.com\/index.php\/wp-json\/wp\/v2\/pages"}],"about":[{"href":"https:\/\/pedrarolada.com\/index.php\/wp-json\/wp\/v2\/types\/page"}],"author":[{"embeddable":true,"href":"https:\/\/pedrarolada.com\/index.php\/wp-json\/wp\/v2\/users\/1"}],"replies":[{"embeddable":true,"href":"https:\/\/pedrarolada.com\/index.php\/wp-json\/wp\/v2\/comments?post=310"}],"version-history":[{"count":2,"href":"https:\/\/pedrarolada.com\/index.php\/wp-json\/wp\/v2\/pages\/310\/revisions"}],"predecessor-version":[{"id":330,"href":"https:\/\/pedrarolada.com\/index.php\/wp-json\/wp\/v2\/pages\/310\/revisions\/330"}],"wp:attachment":[{"href":"https:\/\/pedrarolada.com\/index.php\/wp-json\/wp\/v2\/media?parent=310"}],"curies":[{"name":"wp","href":"https:\/\/api.w.org\/{rel}","templated":true}]}}

<h3><b><a href="https://pedrarolada.com/wp-content/uploads/2018/05/apartamentos.jpg" data-rel="lightbox-image-0" data-rl_title="" data-rl_caption="" title=""><img loading="lazy" decoding="async" class="alignnone size-full wp-image-122" src="https://pedrarolada.com/wp-content/uploads/2018/05/apartamentos.jpg" alt="" width="800" height="687" srcset="https://pedrarolada.com/wp-content/uploads/2018/05/apartamentos.jpg 800w, https://pedrarolada.com/wp-content/uploads/2018/05/apartamentos-300x258.jpg 300w, https://pedrarolada.com/wp-content/uploads/2018/05/apartamentos-768x660.jpg 768w" sizes="(max-width: 706px) 89vw, (max-width: 767px) 82vw, 740px" /></a>BEM-VINDO AO PEDRA ROLADA</b></h3>
<p><b>Pedra Rolada</b><span style="font-weight: 400;"> consiste num complexo imobiliário inovador e cosmopolita destinado às novas exigências da Ilha de S. Vicente. Composto por </span><b>4 torres residenciais</b><span style="font-weight: 400;">, </span><b>área comercial e serviços</b><span style="font-weight: 400;">, </span><b>zonas de lazer e cultura</b><span style="font-weight: 400;">, este empreendimento engloba as várias vertentes dos consumidores nacionais e estrangeiros.</span></p>
<p><span style="font-weight: 400;">Integrado no Plano Urbanístico Detalhado Pedra Rolada – PUDPR, aprovado pela Câmara Municipal de São Vicente,</span><b> Pedra Rolada</b><span style="font-weight: 400;"> situa-se numa zona privilegiada da cidade, com uma vista soberba sobre a baía do Mindelo, localizado no inicio do Vale Pedra Rolada, junto à via principal Lameirão/Baia das Gatas.</span></p>

<p>BEM-VINDO AO PEDRA ROLADA Pedra Rolada consiste num complexo imobiliário inovador e cosmopolita destinado às novas exigências da Ilha de S. Vicente. Composto por 4 torres residenciais, área comercial e serviços, zonas de lazer e cultura, este empreendimento engloba as várias vertentes dos consumidores nacionais e estrangeiros. Integrado no Plano Urbanístico Detalhado Pedra Rolada – PUDPR, aprovado pela Câmara &hellip; </p>
<p class="link-more"><a href="https://pedrarolada.com/index.php/conceito/" class="more-link">Continuar a ler <span class="screen-reader-text">&#8220;Conceito&#8221;</span></a></p>
