{"id":368,"date":"2018-05-23T18:32:00","date_gmt":"2018-05-23T17:32:00","guid":{"rendered":"https:\/\/pedrarolada.com\/?page_id=368"},"modified":"2018-05-23T18:32:00","modified_gmt":"2018-05-23T17:32:00","slug":"cultura","status":"publish","type":"page","link":"https:\/\/pedrarolada.com\/index.php\/cultura\/","title":{"rendered":"Cultura"},"content":{"rendered":"<p><b>CULTURA<\/b><\/p>\n<p><span style=\"font-weight: 400;\">A cidade do <strong>Mindelo<\/strong> sempre foi famosa pelos seus eventos culturais de longa data e com muita hist\u00f3ria, bem como, pelos seus eventos inovadores. <\/span><\/p>\n<p><span style=\"font-weight: 400;\">Quem nunca ouviu falar das noites do <strong>Festival de M\u00fasica de Ba\u00eda das Gatas<\/strong>, do <strong>desfile de Carnaval<\/strong> pelas ruas da cidade, do <strong>Festival Internacional de Teatro<\/strong> ou ainda da <strong>Feira Internacional de Cabo Verde<\/strong>?<\/span><\/p>\n<p><strong><br \/>\nFestival Internacional de M\u00fasica Ba\u00eda das Gatas<\/strong><\/p>\n<p><a href=\"https:\/\/pedrarolada.com\/wp-content\/uploads\/2018\/05\/Baia-festival-3.jpg\" data-rel=\"lightbox-image-0\" data-rl_title=\"\" data-rl_caption=\"\" title=\"\"><img loading=\"lazy\" decoding=\"async\" class=\"alignnone size-medium wp-image-295\" src=\"https:\/\/pedrarolada.com\/wp-content\/uploads\/2018\/05\/Baia-festival-3-300x119.jpg\" alt=\"\" width=\"300\" height=\"119\" srcset=\"https:\/\/pedrarolada.com\/wp-content\/uploads\/2018\/05\/Baia-festival-3-300x119.jpg 300w, https:\/\/pedrarolada.com\/wp-content\/uploads\/2018\/05\/Baia-festival-3-768x305.jpg 768w, https:\/\/pedrarolada.com\/wp-content\/uploads\/2018\/05\/Baia-festival-3.jpg 960w\" sizes=\"(max-width: 300px) 100vw, 300px\" \/><\/a><a href=\"https:\/\/pedrarolada.com\/wp-content\/uploads\/2018\/05\/Baia-festival-2.jpg\" data-rel=\"lightbox-image-1\" data-rl_title=\"\" data-rl_caption=\"\" title=\"\"><img loading=\"lazy\" decoding=\"async\" class=\"alignnone size-medium wp-image-294\" src=\"https:\/\/pedrarolada.com\/wp-content\/uploads\/2018\/05\/Baia-festival-2-300x150.jpg\" alt=\"\" width=\"300\" height=\"150\" srcset=\"https:\/\/pedrarolada.com\/wp-content\/uploads\/2018\/05\/Baia-festival-2-300x150.jpg 300w, https:\/\/pedrarolada.com\/wp-content\/uploads\/2018\/05\/Baia-festival-2-768x384.jpg 768w, https:\/\/pedrarolada.com\/wp-content\/uploads\/2018\/05\/Baia-festival-2-1024x512.jpg 1024w, https:\/\/pedrarolada.com\/wp-content\/uploads\/2018\/05\/Baia-festival-2.jpg 1200w\" sizes=\"(max-width: 300px) 100vw, 300px\" \/><\/a><\/p>\n<p><span style=\"font-weight: 400;\"><br \/>\n<strong>Desfile de Carnaval do Mindelo<\/strong><\/span><\/p>\n<p><a href=\"https:\/\/pedrarolada.com\/wp-content\/uploads\/2018\/05\/carnav05-10.jpg\" data-rel=\"lightbox-image-2\" data-rl_title=\"\" data-rl_caption=\"\" title=\"\"><img loading=\"lazy\" decoding=\"async\" class=\"alignnone size-medium wp-image-299\" src=\"https:\/\/pedrarolada.com\/wp-content\/uploads\/2018\/05\/carnav05-10-226x300.jpg\" alt=\"\" width=\"226\" height=\"300\" srcset=\"https:\/\/pedrarolada.com\/wp-content\/uploads\/2018\/05\/carnav05-10-226x300.jpg 226w, https:\/\/pedrarolada.com\/wp-content\/uploads\/2018\/05\/carnav05-10.jpg 406w\" sizes=\"(max-width: 226px) 100vw, 226px\" \/><\/a><a href=\"https:\/\/pedrarolada.com\/wp-content\/uploads\/2018\/05\/carnav05-11.jpg\" data-rel=\"lightbox-image-3\" data-rl_title=\"\" data-rl_caption=\"\" title=\"\"><img loading=\"lazy\" decoding=\"async\" class=\"alignnone size-medium wp-image-297\" src=\"https:\/\/pedrarolada.com\/wp-content\/uploads\/2018\/05\/carnav05-11-214x300.jpg\" alt=\"\" width=\"214\" height=\"300\" srcset=\"https:\/\/pedrarolada.com\/wp-content\/uploads\/2018\/05\/carnav05-11-214x300.jpg 214w, https:\/\/pedrarolada.com\/wp-content\/uploads\/2018\/05\/carnav05-11.jpg 391w\" sizes=\"(max-width: 214px) 100vw, 214px\" \/><\/a> <a href=\"https:\/\/pedrarolada.com\/wp-content\/uploads\/2018\/05\/carnav05-9.jpg\" data-rel=\"lightbox-image-4\" data-rl_title=\"\" data-rl_caption=\"\" title=\"\"><img loading=\"lazy\" decoding=\"async\" class=\"alignnone size-medium wp-image-298\" src=\"https:\/\/pedrarolada.com\/wp-content\/uploads\/2018\/05\/carnav05-9-233x300.jpg\" alt=\"\" width=\"233\" height=\"300\" srcset=\"https:\/\/pedrarolada.com\/wp-content\/uploads\/2018\/05\/carnav05-9-233x300.jpg 233w, https:\/\/pedrarolada.com\/wp-content\/uploads\/2018\/05\/carnav05-9.jpg 427w\" sizes=\"(max-width: 233px) 100vw, 233px\" \/><\/a><\/p>\n","protected":false},"excerpt":{"rendered":"<p>CULTURA A cidade do Mindelo sempre foi famosa pelos seus eventos culturais de longa data e com muita hist\u00f3ria, bem como, pelos seus eventos inovadores. Quem nunca ouviu falar das noites do Festival de M\u00fasica de Ba\u00eda das Gatas, do desfile de Carnaval pelas ruas da cidade, do Festival Internacional de Teatro ou ainda da &hellip; <\/p>\n<p class=\"link-more\"><a href=\"https:\/\/pedrarolada.com\/index.php\/cultura\/\" class=\"more-link\">Continuar a ler <span class=\"screen-reader-text\">&#8220;Cultura&#8221;<\/span><\/a><\/p>\n","protected":false},"author":1,"featured_media":0,"parent":0,"menu_order":0,"comment_status":"closed","ping_status":"closed","template":"","meta":{"footnotes":""},"class_list":["post-368","page","type-page","status-publish","hentry"],"_links":{"self":[{"href":"https:\/\/pedrarolada.com\/index.php\/wp-json\/wp\/v2\/pages\/368"}],"collection":[{"href":"https:\/\/pedrarolada.com\/index.php\/wp-json\/wp\/v2\/pages"}],"about":[{"href":"https:\/\/pedrarolada.com\/index.php\/wp-json\/wp\/v2\/types\/page"}],"author":[{"embeddable":true,"href":"https:\/\/pedrarolada.com\/index.php\/wp-json\/wp\/v2\/users\/1"}],"replies":[{"embeddable":true,"href":"https:\/\/pedrarolada.com\/index.php\/wp-json\/wp\/v2\/comments?post=368"}],"version-history":[{"count":1,"href":"https:\/\/pedrarolada.com\/index.php\/wp-json\/wp\/v2\/pages\/368\/revisions"}],"predecessor-version":[{"id":369,"href":"https:\/\/pedrarolada.com\/index.php\/wp-json\/wp\/v2\/pages\/368\/revisions\/369"}],"wp:attachment":[{"href":"https:\/\/pedrarolada.com\/index.php\/wp-json\/wp\/v2\/media?parent=368"}],"curies":[{"name":"wp","href":"https:\/\/api.w.org\/{rel}","templated":true}]}}

<p><b>CULTURA</b></p>
<p><span style="font-weight: 400;">A cidade do <strong>Mindelo</strong> sempre foi famosa pelos seus eventos culturais de longa data e com muita história, bem como, pelos seus eventos inovadores. </span></p>
<p><span style="font-weight: 400;">Quem nunca ouviu falar das noites do <strong>Festival de Música de Baía das Gatas</strong>, do <strong>desfile de Carnaval</strong> pelas ruas da cidade, do <strong>Festival Internacional de Teatro</strong> ou ainda da <strong>Feira Internacional de Cabo Verde</strong>?</span></p>
<p><strong><br />
Festival Internacional de Música Baía das Gatas</strong></p>
<p><a href="https://pedrarolada.com/wp-content/uploads/2018/05/Baia-festival-3.jpg" data-rel="lightbox-image-0" data-rl_title="" data-rl_caption="" title=""><img loading="lazy" decoding="async" class="alignnone size-medium wp-image-295" src="https://pedrarolada.com/wp-content/uploads/2018/05/Baia-festival-3-300x119.jpg" alt="" width="300" height="119" srcset="https://pedrarolada.com/wp-content/uploads/2018/05/Baia-festival-3-300x119.jpg 300w, https://pedrarolada.com/wp-content/uploads/2018/05/Baia-festival-3-768x305.jpg 768w, https://pedrarolada.com/wp-content/uploads/2018/05/Baia-festival-3.jpg 960w" sizes="(max-width: 300px) 100vw, 300px" /></a><a href="https://pedrarolada.com/wp-content/uploads/2018/05/Baia-festival-2.jpg" data-rel="lightbox-image-1" data-rl_title="" data-rl_caption="" title=""><img loading="lazy" decoding="async" class="alignnone size-medium wp-image-294" src="https://pedrarolada.com/wp-content/uploads/2018/05/Baia-festival-2-300x150.jpg" alt="" width="300" height="150" srcset="https://pedrarolada.com/wp-content/uploads/2018/05/Baia-festival-2-300x150.jpg 300w, https://pedrarolada.com/wp-content/uploads/2018/05/Baia-festival-2-768x384.jpg 768w, https://pedrarolada.com/wp-content/uploads/2018/05/Baia-festival-2-1024x512.jpg 1024w, https://pedrarolada.com/wp-content/uploads/2018/05/Baia-festival-2.jpg 1200w" sizes="(max-width: 300px) 100vw, 300px" /></a></p>
<p><span style="font-weight: 400;"><br />
<strong>Desfile de Carnaval do Mindelo</strong></span></p>
<p><a href="https://pedrarolada.com/wp-content/uploads/2018/05/carnav05-10.jpg" data-rel="lightbox-image-2" data-rl_title="" data-rl_caption="" title=""><img loading="lazy" decoding="async" class="alignnone size-medium wp-image-299" src="https://pedrarolada.com/wp-content/uploads/2018/05/carnav05-10-226x300.jpg" alt="" width="226" height="300" srcset="https://pedrarolada.com/wp-content/uploads/2018/05/carnav05-10-226x300.jpg 226w, https://pedrarolada.com/wp-content/uploads/2018/05/carnav05-10.jpg 406w" sizes="(max-width: 226px) 100vw, 226px" /></a><a href="https://pedrarolada.com/wp-content/uploads/2018/05/carnav05-11.jpg" data-rel="lightbox-image-3" data-rl_title="" data-rl_caption="" title=""><img loading="lazy" decoding="async" class="alignnone size-medium wp-image-297" src="https://pedrarolada.com/wp-content/uploads/2018/05/carnav05-11-214x300.jpg" alt="" width="214" height="300" srcset="https://pedrarolada.com/wp-content/uploads/2018/05/carnav05-11-214x300.jpg 214w, https://pedrarolada.com/wp-content/uploads/2018/05/carnav05-11.jpg 391w" sizes="(max-width: 214px) 100vw, 214px" /></a> <a href="https://pedrarolada.com/wp-content/uploads/2018/05/carnav05-9.jpg" data-rel="lightbox-image-4" data-rl_title="" data-rl_caption="" title=""><img loading="lazy" decoding="async" class="alignnone size-medium wp-image-298" src="https://pedrarolada.com/wp-content/uploads/2018/05/carnav05-9-233x300.jpg" alt="" width="233" height="300" srcset="https://pedrarolada.com/wp-content/uploads/2018/05/carnav05-9-233x300.jpg 233w, https://pedrarolada.com/wp-content/uploads/2018/05/carnav05-9.jpg 427w" sizes="(max-width: 233px) 100vw, 233px" /></a></p>

<p>CULTURA A cidade do Mindelo sempre foi famosa pelos seus eventos culturais de longa data e com muita história, bem como, pelos seus eventos inovadores. Quem nunca ouviu falar das noites do Festival de Música de Baía das Gatas, do desfile de Carnaval pelas ruas da cidade, do Festival Internacional de Teatro ou ainda da &hellip; </p>
<p class="link-more"><a href="https://pedrarolada.com/index.php/cultura/" class="more-link">Continuar a ler <span class="screen-reader-text">&#8220;Cultura&#8221;</span></a></p>
