{"id":53,"date":"2018-05-15T01:21:45","date_gmt":"2018-05-15T00:21:45","guid":{"rendered":"https:\/\/pedrarolada.com\/?page_id=53"},"modified":"2018-05-23T18:41:12","modified_gmt":"2018-05-23T17:41:12","slug":"mindelo-2","status":"publish","type":"page","link":"https:\/\/pedrarolada.com\/index.php\/mindelo-2\/","title":{"rendered":"Mindelo"},"content":{"rendered":"<p>Implantado numa cidade que j\u00e1 foi apelidada de <strong>capital das Mornas<\/strong>, resid\u00eancia da carism\u00e1tica cantora <strong>Ces\u00e1ria \u00c9vora<\/strong>, o <strong>empreendimento Pedra Rolada<\/strong> n\u00e3o\u00a0poderia esquecer a <strong>componente cultural<\/strong> caracter\u00edstica desta cidade.<br \/>\nPor isso mesmo, o empreendimento est\u00e1 estrategicamente localizado de forma a<strong>\u00a0aliar a vida urbana ao lazer<\/strong>, mas tamb\u00e9m \u00e0s <strong>actividades culturais e aos neg\u00f3cios<\/strong>.<\/p>\n<p>Para quem passa v\u00e1rias horas no escrit\u00f3rio, este novo conceito de empreendimento \u00e9 ideal para si, que integra um<strong> centro de escrit\u00f3rios<\/strong>.<\/p>\n<p>Tamb\u00e9m para quem procura a descontra\u00e7\u00e3o duma <strong>ida \u00e0s compras<\/strong> ou uma\u00a0<strong>simples refei\u00e7\u00e3o<\/strong>, n\u00e3o precisa de se preocupar mais nem gastar o seu precioso tempo a procurar pois no <strong>empreendimento Pedra Rolada<\/strong> poder\u00e1 encontrar no <strong>centro comercial<\/strong> as lojas que procurar ou relaxar na pra\u00e7a da restaura\u00e7\u00e3o enquanto disfruta a sua refei\u00e7\u00e3o.<\/p>\n","protected":false},"excerpt":{"rendered":"<p>Implantado numa cidade que j\u00e1 foi apelidada de capital das Mornas, resid\u00eancia da carism\u00e1tica cantora Ces\u00e1ria \u00c9vora, o empreendimento Pedra Rolada n\u00e3o\u00a0poderia esquecer a componente cultural caracter\u00edstica desta cidade. Por isso mesmo, o empreendimento est\u00e1 estrategicamente localizado de forma a\u00a0aliar a vida urbana ao lazer, mas tamb\u00e9m \u00e0s actividades culturais e aos neg\u00f3cios. Para quem &hellip; <\/p>\n<p class=\"link-more\"><a href=\"https:\/\/pedrarolada.com\/index.php\/mindelo-2\/\" class=\"more-link\">Continuar a ler <span class=\"screen-reader-text\">&#8220;Mindelo&#8221;<\/span><\/a><\/p>\n","protected":false},"author":1,"featured_media":157,"parent":0,"menu_order":4,"comment_status":"closed","ping_status":"closed","template":"","meta":{"footnotes":""},"class_list":["post-53","page","type-page","status-publish","has-post-thumbnail","hentry"],"_links":{"self":[{"href":"https:\/\/pedrarolada.com\/index.php\/wp-json\/wp\/v2\/pages\/53"}],"collection":[{"href":"https:\/\/pedrarolada.com\/index.php\/wp-json\/wp\/v2\/pages"}],"about":[{"href":"https:\/\/pedrarolada.com\/index.php\/wp-json\/wp\/v2\/types\/page"}],"author":[{"embeddable":true,"href":"https:\/\/pedrarolada.com\/index.php\/wp-json\/wp\/v2\/users\/1"}],"replies":[{"embeddable":true,"href":"https:\/\/pedrarolada.com\/index.php\/wp-json\/wp\/v2\/comments?post=53"}],"version-history":[{"count":14,"href":"https:\/\/pedrarolada.com\/index.php\/wp-json\/wp\/v2\/pages\/53\/revisions"}],"predecessor-version":[{"id":384,"href":"https:\/\/pedrarolada.com\/index.php\/wp-json\/wp\/v2\/pages\/53\/revisions\/384"}],"wp:featuredmedia":[{"embeddable":true,"href":"https:\/\/pedrarolada.com\/index.php\/wp-json\/wp\/v2\/media\/157"}],"wp:attachment":[{"href":"https:\/\/pedrarolada.com\/index.php\/wp-json\/wp\/v2\/media?parent=53"}],"curies":[{"name":"wp","href":"https:\/\/api.w.org\/{rel}","templated":true}]}}